05578.
2, 11, 4799
What are the prime factors of 54187?
7, 7741
List the prime factors of 9686.
2, 29, 167
What are the prime factors of 14028?
2, 3, 7, 167
What are the prime factors of 2288?
2, 11, 13
List the prime factors of 5366.
2, 2683
What are the prime factors of 14245?
5, 7, 11, 37
What are the prime factors of 29108?
2, 19, 383
List the prime factors of 1365.
3, 5, 7, 13
What are the prime factors of 834?
2, 3, 139
List the prime factors of 105614.
2, 52807
List the prime factors of 848.
2, 53
List the prime factors of 8864.
2, 277
List the prime factors of 1753.
1753
List the prime factors of 333.
3, 37
List the prime factors of 423.
3, 47
List the prime factors of 34161.
3, 59, 193
What are the prime factors of 9471?
3, 7, 11, 41
List the prime factors of 643.
643
What are the prime factors of 997?
997
List the prime factors of 29.
29
List the prime factors of 1212.
2, 3, 101
What are the prime factors of 1474?
2, 11, 67
List the prime factors of 105031.
105031
What are the prime factors of 11153?
19, 587
What are the prime factors of 46107?
3, 47, 109
What are the prime factors of 3055?
5, 13, 47
List the prime factors of 437.
19, 23
What are the prime factors of 9218?
2, 11, 419
List the prime factors of 676.
2, 13
What are the prime factors of 29524?
2, 11, 61
List the prime factors of 155477.
7, 19, 167
What are the prime factors of 78242?
2, 19, 29, 71
What are the prime factors of 3239?
41, 79
What are the prime factors of 61237?
11, 19, 293
What are the prime factors of 863?
863
List the prime factors of 3002.
2, 19, 79
List the prime factors of 6387.
3, 2129
List the prime factors of 4148.
2, 17, 61
List the prime factors of 2200.
2, 5, 11
What are the prime factors of 5447?
13, 419
What are the prime factors of 45934?
2, 7, 17, 193
List the prime factors of 36774.
2, 3, 227
List the prime factors of 18163.
41, 443
What are the prime factors of 63521?
63521
What are the prime factors of 3597?
3, 11, 109
What are the prime factors of 5574?
2, 3, 929
List the prime factors of 629.
17, 37
List the prime factors of 116974.
2, 11, 13, 409
List the prime factors of 8284.
2, 19, 109
List the prime factors of 156748.
2, 149, 263
List the prime factors of 173.
173
What are the prime factors of 4501?
7, 643
List the prime factors of 66157.
7, 13, 727
List the prime factors of 6210.
2, 3, 5, 23
List the prime factors of 3106.
2, 1553
List the prime factors of 555.
3, 5, 37
List the prime factors of 47724.
2, 3, 41, 97
List the prime factors of 1753.
1753
What are the prime factors of 81706?
2, 40853
List the prime factors of 71.
71
What are the prime factors of 23801?
23801
List the prime factors of 2767.
2767
List the prime factors of 884.
2, 13, 17
What are the prime factors of 396?
2, 3, 11
What are the prime factors of 7637?
7, 1091
What are the prime factors of 2501?
41, 61
What are the prime factors of 17826?
2, 3, 2971
What are the prime factors of 15680?
2, 5, 7
What are the prime factors of 1744?
2, 109
What are the prime factors of 2479?
37, 67
What are the prime factors of 7725?
3, 5, 103
What are the prime factors of 5900?
2, 5, 59
List the prime factors of 23.
23
What are the prime factors of 970?
2, 5, 97
List the prime factors of 63727.
63727
What are the prime factors of 6057?
3, 673
List the prime factors of 3250.
2, 5, 13
What are the prime factors of 359?
359
List the prime factors of 817.
19, 43
List the prime factors of 446.
2, 223
List the prime factors of 1089.
3, 11
What are the prime factors of 480?
2, 3, 5
List the prime factors of 7282.
2, 11, 331
List the prime factors of 961.
31
What are the prime factors of 5427?
3, 67
What are the prime factors of 2387?
7, 11, 31
What are the prime factors of 6694?
2, 3347
List the prime factors of 13365.
3, 5, 11
What are the prime factors of 242?
2, 11
List the prime factors of 1783.
1783
What are the prime factors of 19857?
3, 6619
List the prime factors of 7990.
2, 5, 17, 47
List the prime factors of 30444.
2, 3, 43, 59
What are the prime factors of 3399?
3, 11, 103
What are the prime factors of 41387?
41387
What are the prime factors of 131420?
2, 5, 6571
List the prime factors of 22446.
2, 3, 29, 43
List the prime factors of 32675.
5, 1307
What are the prime factors of 159311?
159311
List the prime factors of 3339.
3, 7, 53
List the prime factors of 1952.
2, 61
What are the prime factors of 530?
2, 5, 53
List the prime factors of 216.
2, 3
What are the prime factors of 115?
5, 23
What are the prime factors of 4690?
2, 5, 7, 67
List the prime factors of 489.
3, 163
List the prime factors of 52541.
52541
List the prime factors of 5216.
2, 163
What are the prime factors of 27514?
2, 13757
What are the prime factors of 807?
3, 269
List the prime factors of 11208.
2, 3, 467
What are the prime factors of 16745?
5, 17, 197
List the prime factors of 5966.
2, 19, 157
List the prime factors of 429.
3, 11, 13
What are the prime factors of 577?
577
List the prime factors of 2618.
2, 7, 11, 17
What are the prime factors of 5147?
5147
What are the prime factors of 345?
3, 5, 23
What are the prime factors of 6127?
11, 557
What are the prime factors of 670?
2, 5, 67
List the prime factors of 16653.
3, 7, 13, 61
List the prime factors of 7787.
13, 599
What are the prime factors of 28454?
2, 41, 347
What are the prime factors of 17745?
3, 5, 7, 13
List the prime factors of 1137.
3, 379
List the prime factors of 432.
2, 3
List the prime factors of 3784.
2, 11, 43
What are the prime factors of 14496?
2, 3, 151
What are the prime factors of 1660?
2, 5, 83
What are the prime factors of 1640?
2, 5, 41
List the prime factors of 2107.
7, 43
What are the prime factors of 3681?
3, 409
What are the prime factors of 2788?
2, 17, 41
What are the prime factors of 733?
733
What are the prime factors of 1401?
3, 467
What are the prime factors of 813?
3, 271
List the prime factors of 9392.
2, 587
List the prime factors of 988.
2, 13, 19
What are the prime factors of 106392?
2, 3, 11, 13, 31
List the prime factors of 581.
7, 83
What are the prime factors of 4532?
2, 11, 103
List the prime factors of 635.
5, 127
What are the prime factors of 7097?
47, 151
List the prime factors of 16568.
2, 19, 109
List the prime factors of 1428.
2, 3, 7, 17
List the prime factors of 22256.
2, 13, 107
What are the prime factors of 9357?
3, 3119
What are the prime factors of 707?
7, 101
List the prime factors of 4880.
2, 5, 61
What are the prime factors of 3181?
3181
List the prime factors of 64157.
64157
List the prime factors of 3278.
2, 11, 149
List the prime factors of 7158.
2, 3, 1193
List the prime factors of 2068.
2, 11, 47
What are the prime factors of 629?
17, 37
What are the prime factors of 21347?
21347
What are the prime factors of 478?
2, 239
List the prime factors of 229.
229
List the prime factors of 51258.
2, 3, 8543
List the prime factors of 1594.
2, 797
What are the prime factors of 7062?
2, 3, 11, 107
What are the prime factors of 13694?
2, 41, 167
List the prime factors of 1984.
2, 31
List the prime factors of 698.
2, 349
What are the prime factors of 5648?
2, 353
What are the prime factors of 2259?
3, 251
What are the prime factors of 7353?
3, 19, 43
List the prime factors of 79203.
3, 17, 1553
What are the prime factors of 1757?
7, 251
List the prime factors of 556.
2, 139
What are the prime factors of 427?
7, 61
What are the prime factors of 95117?
11, 8647
What are the prime factors of 12035?
5, 29, 83
What are the prime factors of 1754?
2, 877
List the prime factors of 225.
3, 5
List the prime factors of 2458.
2, 1229
List the prime factors of 10947.
3, 41, 89
List the prime factors of 34645.
5, 13, 41
What are the prime factors of 1248?
2, 3, 13
List the prime factors of 908.
2, 227
List the prime factors of 2511.
3, 31
List the prime factors of 2737.
7, 17, 23
List the prime factors of 888.
2, 3, 37
List the prime factors of 7820.
2, 5, 17, 23
What are the prime factors of 7942?
2, 11, 19
List the prime factors of 1309.
7, 11, 17
What are the prime factors of 15646?
2, 7823
What are the prime factors of 3210?
2, 3, 5, 107
What are the prime factors of 10644?
2, 3, 887
What are the prime factors of 23692?
2, 5923
What are the prime factors of 16347?
3, 5449
List the prime factors of 582